at is the units digit of h?
3
Suppose 35 = 5*w - 5*u, 0 = -4*w - 4*u - 1 + 5. What is the units digit of w?
4
Suppose 4*k - 20 = 3*k + 2*g, -4*k - 4*g + 92 = 0. What is the units digit of (-2180)/(-110) - (-4)/k?
0
Suppose -4*x - 5 = 35. Let c = x + 16. What is the units digit of c?
6
Let m(d) = 14*d + 3. Let u = 2 - -1. What is the tens digit of m(u)?
4
Let y(c) = c**3 - 6*c**2 - c + 8. Let k be y(6). Suppose -8 = -k*r - 3*u, -5*r + 2*r - u = -5. What is the units digit of r?
1
Let k(m) = 7*m**2 - 21*m - 34. Let n(g) = 3*g**2 - 11*g - 17. Let s(o) = -4*k(o) + 9*n(o). What is the tens digit of s(-9)?
3
Let g = 0 + 2. Let u = 1 + g. What is the units digit of u?
3
Let a(c) = 5*c - 4. Suppose 7*v = 2*v + 20. What is the tens digit of a(v)?
1
Let j(p) = p - 3. Let z be j(3). Suppose 5*t - 2*i = 2*t + 37, 5*t + i - 40 = z. What is the units digit of t?
9
Let f(t) be the first derivative of 2 + 3/2*t**2 + t + t**3. What is the units digit of f(-2)?
7
Let w(v) = -2*v - 7. Let g(c) = -5*c**2 - 2*c + 1. Let p be g(1). What is the units digit of w(p)?
5
Suppose 0*k = 5*k - 195. Suppose -2*m - m = -k. What is the units digit of m?
3
Suppose 5*g + 10 = -380. Let l = -52 - g. Suppose 3*j + u = 2*u + l, 24 = 2*j + u. What is the tens digit of j?
1
Let b(l) = -2*l - 5*l + 10*l + 10*l. What is the tens digit of b(1)?
1
Suppose 0 = -5*m - 0 + 65. Suppose -s - q - 25 = -5*q, -3*q + 20 = -s. Let o = s + m. What is the units digit of o?
8
Let q = -8 + 5. Let n be 6*(-3)/(2*q). Let m = 9 - n. What is the units digit of m?
6
Let h(m) = 2*m + 11 - 8 + 4*m**2 - m**2. Let o be (-1)/3 - (-5)/(-3). What is the tens digit of h(o)?
1
Suppose 4*x - 3*n = 2*n + 106, -54 = -2*x + 3*n. What is the tens digit of x?
2
Let w(r) be the first derivative of r**4/4 + 2*r**3/3 - 2*r**2 + 4*r - 2. Let o be w(-4). What is the units digit of (-28)/(-6) - (-8)/o?
4
Suppose -4*p + 0*v + 29 = -v, -p = -v - 11. Suppose 0 = 2*x + 3*j + 3, -p = 2*j - 0. Suppose t = x + 3. What is the units digit of t?
6
Suppose -4*q + 3*q + 11 = 0. Suppose 0 = 5*c - 19 - q. What is the units digit of c?
6
Let k(r) = -5*r - 24. What is the units digit of k(-7)?
1
Let j be ((-22)/6)/((-1)/(-3)). Let r = 0 - j. What is the tens digit of r?
1
Let t be (-3)/18 + (-1)/(-6). Suppose -q - 3 + 4 = t. What is the units digit of 11/q - 0/8?
1
Suppose -5 + 20 = 5*x. Suppose x*o - 5*o - h = -5, 2*o = h + 15. Suppose -3*g - 54 = -o*a, -2*g + 10 = a - 3*g. What is the units digit of a?
2
Suppose -3*o + 12 = -4*h, 2*o - 6 = 2. Let t be 0/(2/1 - h). Suppose 2*a + j - 28 = -t*j, 5*j = 0. What is the units digit of a?
4
Let x(d) = 10*d**2 - 9*d + 29. What is the units digit of x(5)?
4
Suppose -118 = -3*v + 239. What is the tens digit of v?
1
Let r(g) = g**3 + 4*g**2 + 3*g + 1. Suppose 4*p + 8 = -4*b, -b = -0*p + 5*p + 14. Suppose -2 - b = o. What is the units digit of r(o)?
1
What is the units digit of 2 + -2 - 52*-1 - 3?
9
Let d(l) = -l + 25. What is the units digit of d(18)?
7
Suppose 0 = 3*m + 2 - 20. Suppose 2*v + 20 = m*v + 5*h, -3*v + 26 = h. What is the tens digit of v?
1
Let y(n) = n**2 + 3*n + 5. What is the units digit of y(-7)?
3
Suppose g - 61 = -z - g, -3*z - 4*g = -193. What is the tens digit of z?
7
Let d = 118 - -18. What is the units digit of d?
6
Let d be -3 + ((-9)/18)/(2/(-12)). Let o(r) = r**3 - 3*r**2 - 6*r + 3. Let f be o(4). What is the units digit of (2 - d) + (-35)/f?
9
Suppose -3 - 12 = -3*k. Suppose -4*g = 2*y + 6, -k*y = 3*g - 8*g. What is the units digit of (-3*(-3)/(-3))/g?
3
Let n(c) = 14*c - 22. What is the tens digit of n(25)?
2
Let z(m) = 7*m**2 + 6*m. Let i be z(-5). Suppose 3*w = -2*w + 3*q + i, 4*w - 153 = -5*q. What is the tens digit of w?
3
Let x be (-1)/(-3)*-3 + 12. Let w = 1 + x. What is the tens digit of w?
1
Let j = 8 - 19. Let k = -6 - j. What is the units digit of k?
5
Let o(n) = -2*n**2 + 6*n - 2. Let k be o(4). Let x = -9 - k. What is the units digit of x?
1
Let w(t) = -t + 7*t + 26 - 7*t. What is the units digit of w(12)?
4
Suppose 5*o = 3 + 122. Suppose o = -2*x - 3*x, -4*x = 3*m - 13. What is the tens digit of m?
1
Let b be (-14)/(-49) - 66/(-14). Suppose b*g - 18 - 7 = 0. What is the units digit of -2 + 4 + 0 + g?
7
Let p be ((-122)/3)/((-10)/15). Let z = p - 37. Let n = z + -17. What is the units digit of n?
7
Let m = -11 + 13. Suppose 37 = 3*h + 5*v, -m*h = h + v - 17. What is the units digit of h?
4
Let w(j) = j - 10. Let h be w(10). Suppose 3*t = 5*r - 29, -4*t + h*t - 24 = -3*r. What is the units digit of (3 - (t + -14)) + -2?
8
Let f(v) = v**2 + 7*v + 8. Suppose -4*c = k + 33, c + k - 8 = 4*k. What is the units digit of f(c)?
8
Let a = -8 - -3. Let o = -3 - a. What is the units digit of o?
2
Suppose -b = 3*w - 2*w - 33, -3*w + 161 = 5*b. What is the tens digit of b?
3
Let n(r) = 5*r**2 - 2*r. Let s(y) = -6*y**2 + 3*y + 1. Suppose 0 = 5*j - 10*j + 25. Let d(k) = j*n(k) + 4*s(k). What is the tens digit of d(-4)?
1
What is the hundreds digit of 10872/90 + 2 + (-9)/5?
1
Suppose 2*m = -4*p + 386, 0*m + 2*m = 4*p - 390. What is the units digit of p?
7
Let b(c) = c + 6. Let j be (-5)/1*(4 - 5). What is the units digit of b(j)?
1
Let u be 7 - (0 + 2 + 0). Suppose -i + 2*j = -u, -5*i - j + 0*j = -14. Suppose -a + 2*x - 8 = 0, -16 = -i*a - x - 5. What is the units digit of a?
2
Suppose 1 - 3 = -2*w, -w - 3 = -q. Suppose 3*o + 4*y - 26 = 0, -q*y = -2*o - 3*y + 21. What is the units digit of o?
0
Suppose 4*r + 10 + 69 = d, -4*d - 4*r + 316 = 0. Suppose 11 = 5*s - 3*q - d, 2*s = -q + 36. What is the units digit of s?
8
Let z be (-4)/2*7/14. Let p(v) = -12*v**3 - v**2 - v - 1. What is the units digit of p(z)?
1
Let q = -30 - -81. Suppose 3*g + q = 2*d + 2*g, -3*d - 2*g + 94 = 0. What is the tens digit of d?
2
Let d be ((-72)/(-14))/(6/56). Suppose 6*q = 2*q + d. What is the tens digit of q?
1
Suppose 2*a + a - 42 = 0. Suppose c = a + 3. Suppose -c = -j - 5. What is the units digit of j?
2
Let j = -6 + 9. Suppose a - 3 = -2*m, 5*m + 2*a + j*a - 5 = 0. What is the units digit of m?
2
What is the hundreds digit of 4/(-2 + 6)*103?
1
Let o(q) = -q**3 - 9*q**2 - 19*q - 3. What is the units digit of o(-8)?
5
Let d(x) = x**2 + 4*x - 6. What is the tens digit of d(4)?
2
Suppose -8*o = -3*o + 30. Let f(j) = 5*j - 1. Let t be f(1). What is the units digit of 2/t + (-9)/o?
2
Let g(u) be the third derivative of u**4/24 + 17*u**3/6 + 4*u**2. What is the units digit of g(0)?
7
Let d be 5/2*156/10. Suppose -3*f + 0*f + d = 3*i, 4*f = -8. What is the tens digit of i?
1
Suppose 0 = -2*f + 5*f - 87. Let n = f + -3. What is the units digit of n?
6
Let p(g) = g**3 - 7*g**2 - 12*g + 15. What is the units digit of p(9)?
9
Suppose 0 = -3*s - 8 + 17. What is the units digit of s?
3
Let r(m) = -66*m**3 - m**2 - 2*m - 1. What is the units digit of r(-1)?
6
Let c be 1 + 11 + 3 + 1. Suppose -q - 2*t + 6*t = -c, q + 5*t + 2 = 0. What is the units digit of q?
8
Let c(x) = -29*x + 1. Let u be c(-1). Suppose -4*g - 59 = -3*j + g, -2*j + u = -g. What is the tens digit of j?
1
Let t(i) = 2*i**3 + 2*i - i**3 - 11*i + 5 - 8*i**2. Let l be t(9). Suppose 2*b + l*f = b + 4, -f = -5*b + 46. What is the units digit of b?
9
Let w(v) = v**3 - v**2 + 2*v - 2. Suppose -4*k - k - 12 = -j, -8 = 4*k. What is the units digit of w(j)?
6
Suppose -4*n - 3 = -7. What is the units digit of 27 - (-1 + 0 + n)?
7
Let j be 5 + 0 - (-2)/(-1). Suppose 4*s - 11 = -g, 11 = s - 0*s + j*g. What is the units digit of s?
2
Suppose -2*q + 4 = 8. Let w be (-2 + 2)*q/4. Suppose w = -2*a + 2 - 0. What is the units digit of a?
1
Suppose 4*b = b + 48. Suppose -3*p + p + b = 0. What is the units digit of p?
8
Let w = 37 - 10. Suppose 0 = 2*s - w + 7. What is the units digit of s?
0
Let c(u) = u**3 - 8*u**2 - 8*u - 7. Let m be c(9). Suppose 2 = -m*d + 16. What is the units digit of d?
7
Let n(v) = v**3 + 7*v**2 + v - 4. Suppose -f - 20 = 4*k, 0*k + 3*k = -3*f - 15. What is the units digit of n(k)?
1
Let n(s) = -s + 31. What is the tens digit of n(0)?
3
Let w(r) = r**3 - 4*r**2 - 3*r - 7. Let a be w(4). Let l = 20 + a. What is the units digit of l?
1
Suppose 0 = 3*p - 5*p - 70. What is the units digit of (-168)/p + (-1)/(-5)?
5
Suppose 4*x + i + 5 = 0, 5*i = 20 - 5. Let c be (-20)/6 - x/(-3). Let p = -2 - c. What is the units digit of p?
2
Suppose 0 = 